inder when 805706 is divided by 394.
370
What is the remainder when 1312631 is divided by 437539?
14
What is the remainder when 25269636 is divided by 5221?
5217
What is the remainder when 167845 is divided by 1578?
577
What is the remainder when 2196342 is divided by 59360?
22
What is the remainder when 8778060 is divided by 903?
900
Calculate the remainder when 29660 is divided by 2701.
2650
What is the remainder when 375544 is divided by 124589?
1777
Calculate the remainder when 1040716 is divided by 1327.
348
What is the remainder when 134593 is divided by 2168?
177
What is the remainder when 98013127 is divided by 9502?
9499
What is the remainder when 48011 is divided by 61?
4
What is the remainder when 78327282 is divided by 15?
12
Calculate the remainder when 18365539 is divided by 1123.
1120
What is the remainder when 71118 is divided by 854?
236
Calculate the remainder when 2174292 is divided by 155305.
22
Calculate the remainder when 27670 is divided by 8237.
2959
Calculate the remainder when 70336 is divided by 765.
721
Calculate the remainder when 3429 is divided by 1493.
443
What is the remainder when 475562270 is divided by 599?
596
What is the remainder when 315362967 is divided by 2235?
2232
What is the remainder when 757720 is divided by 32943?
31
Calculate the remainder when 21543758 is divided by 584.
582
Calculate the remainder when 346903 is divided by 282.
43
Calculate the remainder when 288938 is divided by 164.
134
Calculate the remainder when 4671769 is divided by 240.
169
What is the remainder when 1974791 is divided by 2337?
26
Calculate the remainder when 6597606 is divided by 20.
6
Calculate the remainder when 522116 is divided by 174020.
56
What is the remainder when 9114162 is divided by 519?
3
What is the remainder when 10031029 is divided by 208979?
37
What is the remainder when 9796917 is divided by 2449224?
21
Calculate the remainder when 3216741 is divided by 639.
15
Calculate the remainder when 30481 is divided by 10017.
430
What is the remainder when 28020 is divided by 3480?
180
Calculate the remainder when 24631080 is divided by 498.
0
Calculate the remainder when 930195 is divided by 6.
3
What is the remainder when 137357184 is divided by 137357178?
6
Calculate the remainder when 16592648 is divided by 5530882.
2
What is the remainder when 80001 is divided by 912?
657
What is the remainder when 55339 is divided by 1057?
375
What is the remainder when 224171 is divided by 319?
233
What is the remainder when 571096 is divided by 1316?
1268
What is the remainder when 363927 is divided by 257?
15
What is the remainder when 1582019 is divided by 1581348?
671
What is the remainder when 182108 is divided by 170?
38
What is the remainder when 56642655 is divided by 4902?
45
Calculate the remainder when 162874 is divided by 160324.
2550
What is the remainder when 6518638 is divided by 4314?
184
What is the remainder when 28311321 is divided by 1769455?
41
Calculate the remainder when 44101 is divided by 43539.
562
Calculate the remainder when 5040099 is divided by 8222.
13
Calculate the remainder when 291605 is divided by 3836.
69
What is the remainder when 4549347 is divided by 20041?
40
What is the remainder when 235833 is divided by 1896?
729
Calculate the remainder when 673814 is divided by 35461.
55
Calculate the remainder when 8444527 is divided by 16.
15
What is the remainder when 343041911 is divided by 3628?
3627
What is the remainder when 212169 is divided by 10030?
1539
Calculate the remainder when 1278510 is divided by 15036.
450
What is the remainder when 218801661 is divided by 4608?
4605
What is the remainder when 30966158 is divided by 80?
78
What is the remainder when 2477078 is divided by 5529?
86
What is the remainder when 68226439 is divided by 429?
424
What is the remainder when 1256248 is divided by 112?
56
What is the remainder when 7428246 is divided by 151594?
140
Calculate the remainder when 28867444 is divided by 248.
244
What is the remainder when 25198 is divided by 1394?
106
What is the remainder when 36321853 is divided by 9?
4
Calculate the remainder when 193700 is divided by 3877.
3727
What is the remainder when 2657919 is divided by 2593?
94
Calculate the remainder when 570419 is divided by 603.
584
Calculate the remainder when 351562 is divided by 87885.
22
Calculate the remainder when 17811671 is divided by 2709.
2705
What is the remainder when 34290921 is divided by 69?
60
What is the remainder when 137532 is divided by 292?
0
What is the remainder when 400878 is divided by 2694?
2166
What is the remainder when 23011198 is divided by 423?
421
What is the remainder when 745452282 is divided by 248484092?
6
What is the remainder when 877913 is divided by 15955?
388
Calculate the remainder when 218567854 is divided by 2418.
2416
Calculate the remainder when 13897157 is divided by 1134.
1121
Calculate the remainder when 88259 is divided by 82.
27
What is the remainder when 67281 is divided by 3112?
1929
What is the remainder when 2242848 is divided by 560434?
1112
What is the remainder when 37761434 is divided by 305?
299
What is the remainder when 5092593 is divided by 1604?
1497
Calculate the remainder when 206116 is divided by 2370.
2296
What is the remainder when 9884914 is divided by 1783?
1745
What is the remainder when 806312 is divided by 45?
2
What is the remainder when 344517 is divided by 677?
601
What is the remainder when 2067429 is divided by 172285?
9
What is the remainder when 1248483 is divided by 349?
110
What is the remainder when 522200 is divided by 6355?
1090
Calculate the remainder when 54445 is divided by 26413.
1619
Calculate the remainder when 193303 is divided by 362.
357
What is the remainder when 414231 is divided by 11576?
9071
Calculate the remainder when 22936307 is divided by 2563.
20
Calculate the remainder when 242650 is divided by 60592.
282
Calculate the remainder when 3134164 is divided by 834.
826
Calculate the remainder when 31766 is divided by 30235.
1531
Calculate the remainder when 290683 is divided by 17084.
255
Calculate the remainder when 137733546 is divided by 137733539.
7
What is the remainder when 2272666 is divided by 19762?
36
Calculate the remainder when 2039688 is divided by 272.
232
Calculate the remainder when 548483 is divided by 74.
69
Calculate the remainder when 2051438 is divided by 1787.
1749
What is the remainder when 10746 is divided by 991?
836
What is the remainder when 1168152 is divided by 292037?
4
Calculate the remainder when 8428227 is divided by 74.
71
Calculate the remainder when 274404 is divided by 3397.
2644
Calculate the remainder when 428688282 is divided by 14.
8
Calculate the remainder when 783653 is divided by 5404.
73
What is the remainder when 725092 is divided by 295?
277
What is the remainder when 594659 is divided by 3670?
119
What is the remainder when 350777 is divided by 10959?
89
What is the remainder when 2728075 is divided by 2519?
2517
Calculate the remainder when 209258 is divided by 208573.
685
What is the remainder when 9057895 is divided by 18373?
6
Calculate the remainder when 104986446 is divided by 19.
8
Calculate the remainder when 1260187 is divided by 515.
497
What is the remainder when 2295750 is divided by 22278?
1116
What is the remainder when 192872 is divided by 643?
615
Calculate the remainder when 202164367 is divided by 33.
31
Calculate the remainder when 6431164 is divided by 1472.
1468
Calculate the remainder when 501201 is divided by 25060.
1
Calculate the remainder when 765179 is divided by 947.
3
Calculate the remainder when 179918 is divided by 7927.
5524
What is the remainder when 11197236 is divided by 718?
26
What is the remainder when 2586849 is divided by 263?
244
What is the remainder when 3926982 is divided by 1413?
255
What is the remainder when 10023478 is divided by 69?
55
Calculate the remainder when 4150445 is divided by 213.
140
Calculate the remainder when 15898940 is divided by 136.
132
What is the remainder when 10003863 is divided by 10003852?
11
Calculate the remainder when 28784336 is divided by 2340.
2336
What is the remainder when 5763877 is divided by 5763868?
9
What is the remainder when 120229671 is divided by 29?
21
Calculate the remai